+ 2. Suppose -v = -0*v - 1. Calculate the highest common divisor of v and k.
1
Suppose 12 + 15 = -3*x. Let r(w) = -w**2 - 7*w - 9. Let j be r(x). Let o be (3/(-3))/(3/j). What is the greatest common divisor of o and 99?
9
Let i be 48/2*(5 - 36/8). Let f(u) = 0*u - 1 + u + 2*u**2 - 2. Let b be f(-3). Calculate the greatest common factor of b and i.
12
Let i = 58 - 27. Suppose -3*l + y + i = 0, -l - l + 5*y + 12 = 0. Suppose 0 = 6*u - 2*u - 4, -l = -3*r - 2*u. Calculate the highest common factor of 27 and r.
3
Let m(z) = z**3 + 7*z**2 + 3*z - 7. Let d be 3 + -10 + -3 - 3. Let h = d + 8. Let y be m(h). What is the highest common divisor of 14 and y?
14
Let r be 64/4*2/4. Let t = -76 - -112. Let d = t + -20. What is the greatest common divisor of r and d?
8
Let u be (-6 + -4 + -3)/(-1). Calculate the highest common factor of 52 and u.
13
Suppose 0 = 2*h + 3 + 1. Let g be ((-5)/h)/((-2)/(-4)). Calculate the greatest common divisor of 55 and g.
5
Suppose a + 0*k = 2*k + 10, -3*k + 15 = a. Let u(c) = c**2 - 10*c - 10. Let b be u(-7). Let o = b - 73. Calculate the highest common divisor of o and a.
12
Let k(x) = x**2 + x + 20. Let w be k(0). Suppose 3*a = 7*a - 640. Calculate the greatest common factor of a and w.
20
Let u = 63 - 99. Let g = 18 - u. Let w be (-1)/(-2) - (-284)/8. Calculate the highest common factor of g and w.
18
Let a be (1*-3)/(-9 - -8). Suppose 3*q = -a*k + 330, -522 = -4*q - 2*k - 82. What is the greatest common divisor of q and 11?
11
Let q(l) = -2*l**2 + 48*l**3 + 1 + 4*l**2 + 14*l**3 - 2*l. Let z be q(1). Suppose -18 = -2*r - 0*r. Calculate the highest common factor of r and z.
9
Suppose j - 2 + 7 = 0, y + 20 = -3*j. Let t be 417/4 + y/20. What is the highest common factor of t and 13?
13
Let r = -23 + 53. What is the highest common divisor of 75 and r?
15
Let q = -11 - -5. Let v(r) = -r**3 - 3*r**2 + 10*r + 7. Let o be v(q). What is the highest common factor of o and 11?
11
Let m = 3 + -1. Suppose s + 0*s = m. Let k be (s/5)/(2/20). Calculate the greatest common divisor of k and 4.
4
Let p = -4 + 7. Let q be (-1)/(p + 102/(-33)). Let z(v) = 3*v**2 + 2*v + 3. Let o be z(-6). What is the highest common factor of o and q?
11
Let t(u) = 2*u - 7. Let y be t(5). Suppose y*a - 438 = -3*h, 3*a - 2*h - 288 - 140 = 0. Calculate the highest common divisor of a and 18.
18
Let m = 20 - -330. Calculate the highest common factor of m and 25.
25
Let r = -5 - -10. Let f(u) = -2*u**3 - u**2 - u + 1. Let c be f(1). Let a be 57/12 + c/(-12). What is the highest common factor of a and r?
5
Let a = -3 + 13. What is the greatest common divisor of a and 14?
2
Let a(f) = -f + 3. Let n be a(-14). What is the greatest common divisor of n and 34?
17
Suppose -8 = -5*t + 2. Suppose -4*k + t = l - 8, 0 = k. What is the greatest common factor of l and 5?
5
Let s = 48 + 104. Calculate the highest common divisor of 19 and s.
19
Let w(l) = l**2 + 8*l - 2. Let b be w(-7). Let d = b - -11. Calculate the highest common factor of 14 and d.
2
Suppose 483 = -w - 2*w. Let k be -2 - ((-1 - 1) + 96). Let x = k - w. Calculate the highest common factor of x and 26.
13
Let r(t) = -t - 5. Let v be r(-6). Suppose -2*w = -5 + 27. Let u = 18 + w. What is the greatest common factor of u and v?
1
Suppose -4*g - 31 = -5*q, 8 + 17 = 3*q - 4*g. Suppose -q*b - 6 = -2*h, -h - 9 = -4*b - 2. Calculate the highest common divisor of 18 and h.
9
Suppose -q + 4 - 14 = 0. Let f be 4/(-10) - 435/(-25). Let i = q + f. Calculate the greatest common factor of 77 and i.
7
Let a(r) = r**3 + 6*r**2 - 2*r - 15. Let t be a(-5). Calculate the highest common divisor of 20 and t.
20
Suppose 2*n + 3*n = 135. What is the greatest common divisor of 27 and n?
27
Suppose 0 = -3*j - h - 8, 4*j = 6*j - h + 7. Let t be (-5)/(-2)*(3 - j). Let l be 3*-15*6/(-27). Calculate the highest common factor of l and t.
5
Suppose -34 = -4*n + d, 0*n + 2*d = 5*n - 44. Suppose -2*h = -k + n, -4*k + 1 = 2*h - 1. Calculate the highest common factor of k and 8.
2
Suppose 2*i = 159 - 47. Let o = 1 + 5. Suppose -3*u + 5*u + 2*r = o, 39 = 3*u - 3*r. What is the highest common divisor of u and i?
8
Let n(y) = -y**2 - 4*y + 8. Let p be n(-5). What is the highest common divisor of p and 9?
3
Let q(c) = -c**2 - 23*c - 27. Let g be q(-20). Let f(n) = n**3 - 4*n**2. Let z be f(4). Suppose z*j + 9 = 3*j. What is the greatest common divisor of j and g?
3
Let h(q) = 3*q**2 + 13*q - 30. Let d be h(5). Suppose -3*o + 66 = -0*o. What is the greatest common factor of d and o?
22
Let d = 8 - 2. Let a = -3 + d. Suppose 6*q = 3*q - a*v + 102, 0 = -4*q + 5*v + 118. Calculate the highest common divisor of 16 and q.
16
Suppose 4*z = 3*z - 51. Let f = -29 - z. Suppose 7*r + 526 - 1604 = 0. Calculate the greatest common factor of r and f.
22
Suppose -2*s = -4*s. Let a(b) = -b**3 + b**2 + 12. Let q be a(s). Suppose 2*y - 120 = -0*y. What is the highest common factor of y and q?
12
Let t = -1 + 3. Let q be (2 - (-1)/t)*-2. Let p be (15/q)/((-6)/184). What is the highest common factor of 23 and p?
23
Let t be (-4)/18 - (-3276)/162. Calculate the highest common factor of t and 90.
10
Suppose 0 = 27*m - 30*m + 39. Let c be 40 - (1 + 0/(-2)). What is the greatest common factor of m and c?
13
Let u(k) = k**3 + 5*k**2 - 7*k - 4. Let m be u(-6). Let v(r) = 4*r - 5*r + 2*r**m + r**2. Let l be v(2). Calculate the highest common divisor of 20 and l.
10
Let c = -2 + 0. Let q(s) = -2*s**3. Let b(d) = 13*d**3 - 2*d**2 - d. Let t(z) = 2*b(z) + 14*q(z). Let r be t(c). What is the highest common factor of 12 and r?
4
Suppose -5 - 27 = -4*v. Let s = 3 + v. Suppose -4*a + 2*t + s = -t, 3*a = 3*t + 9. What is the highest common divisor of 10 and a?
2
Let u be 4/(-3)*-12*9. Let k = 12 - -26. Suppose 3*f = 4*b - 17 - 43, -b - 5*f = -k. Calculate the greatest common divisor of u and b.
18
Let b be -21*(1 + (0 - 2)). What is the greatest common factor of 105 and b?
21
Let l be (-349)/(-5) + (-4)/(-20). Suppose 2*b = -4 + l. What is the greatest common divisor of b and 3?
3
Let a be (-6)/(-3) + -1 + 2. Suppose -2*u = a*u. Let p(d) = d**3 + 84. Let g be p(u). What is the highest common factor of 12 and g?
12
Suppose 323 = 4*i - 189. What is the greatest common factor of i and 16?
16
Suppose -6*l - 8 = -2*l. Let k be l/(-6)*(-1 + 10). Suppose 5*x - 163 + k = -5*z, 0 = -4*x + 5*z + 92. Calculate the greatest common divisor of 4 and x.
4
Let b be 15/70*166 - (-12)/28. Calculate the greatest common factor of b and 72.
36
Let r be 0 + 0 + 2/2. Let a(z) = 3*z + 9. Let t(k) = -4*k - 13. Let c(x) = 7*a(x) + 5*t(x). Let w be c(3). What is the greatest common factor of r and w?
1
Suppose -2*f = 4*r - f - 68, 4*f + 16 = 0. Suppose -2*t - 4 = -3*t. Suppose -t*i = -8*i + 48. What is the highest common factor of i and r?
6
Let a = 5 - -28. Calculate the highest common divisor of 99 and a.
33
Let w be (2 + -1)/((-4)/(-12)). What is the highest common divisor of 24 and w?
3
Suppose -24 = 8*b - 4*b. Let w be (-1)/(-2)*b + 6. Calculate the greatest common divisor of 6 and w.
3
Let o be 40/3 + (-2)/(-3). Let g be -1 + 4 - (-6)/(-3). Let p be 1 - -21 - 1/g. What is the highest common factor of p and o?
7
Suppose 5*w - 3*w = -4. Let q be (-10)/(-8)*(w - -6). Suppose 0 = -u + q + 1. What is the highest common divisor of 15 and u?
3
Suppose 0*f + 124 = 4*x + f, 4*f = x - 48. Calculate the greatest common divisor of 8 and x.
8
Let w = -25 - -33. Suppose -2*p = p - 12. What is the highest common divisor of p and w?
4
Let k(n) = -n**3 + 14*n**2 + 2*n - 21. Let u be k(14). Calculate the greatest common divisor of 77 and u.
7
Suppose -2*o = -o - 4*y - 67, 0 = -2*y - 8. Calculate the greatest common divisor of o and 51.
51
Let s(t) = t**3 + 4*t**2 + t + 2. Let u be s(-4). Let a = u + 4. Let d be 30/((-1 - 0) + a). Calculate the highest common divisor of d and 45.
15
Suppose -s + 2*g = -76, -s + 5*g + 71 = -14. Suppose 5*i - s = -30. Let p(h) = 2*h - 8. Let l be p(i). Calculate the greatest common factor of 56 and l.
8
Let g = -17 - -116. Let d be 3/(24/(-22))*-4. What is the greatest common divisor of g and d?
11
Suppose -19 - 1 = -5*t. Calculate the highest common factor of 6 and t.
2
Suppose -5*n = 3*y - 19, 6*y = -5*n + 4*y + 16. Calculate the greatest common divisor of n and 18.
2
Let h = -9 - -2